{"id":106,"date":"2014-07-03T12:57:48","date_gmt":"2014-07-03T10:57:48","guid":{"rendered":"http:\/\/physiotherapie-peuerbach.at\/?page_id=106"},"modified":"2014-07-11T11:57:30","modified_gmt":"2014-07-11T09:57:30","slug":"geriatrie","status":"publish","type":"page","link":"https:\/\/physiotherapie-peuerbach.at\/?page_id=106","title":{"rendered":"Geriatrie"},"content":{"rendered":"<div  class='flex_column av-av_two_fifth-2a9015ff38129c418a3f2eafba3e9512 av_two_fifth  avia-builder-el-0  el_before_av_three_fifth  avia-builder-el-first  first flex_column_div  '     ><style type=\"text\/css\" data-created_by=\"avia_inline_auto\" id=\"style-css-av-av_image-8cfee0e543c889fb074240b14df90e94\">\n.avia-image-container.av-av_image-8cfee0e543c889fb074240b14df90e94 img.avia_image{\nbox-shadow:none;\n}\n.avia-image-container.av-av_image-8cfee0e543c889fb074240b14df90e94 .av-image-caption-overlay-center{\ncolor:#ffffff;\n}\n<\/style>\n<div  class='avia-image-container av-av_image-8cfee0e543c889fb074240b14df90e94 av-styling- avia-align-center  avia-builder-el-1  avia-builder-el-no-sibling '   itemprop=\"image\" itemscope=\"itemscope\" itemtype=\"https:\/\/schema.org\/ImageObject\" ><div class=\"avia-image-container-inner\"><div class=\"avia-image-overlay-wrap\"><img decoding=\"async\" fetchpriority=\"high\" class='wp-image-218 avia-img-lazy-loading-not-218 avia_image ' src=\"https:\/\/physiotherapie-peuerbach.at\/wp-content\/uploads\/2014\/07\/20120211_ptp_078-1030x686.jpg\" alt='' title='Geriatrie'  height=\"686\" width=\"1030\"  itemprop=\"thumbnailUrl\" srcset=\"https:\/\/physiotherapie-peuerbach.at\/wp-content\/uploads\/2014\/07\/20120211_ptp_078-1030x686.jpg 1030w, https:\/\/physiotherapie-peuerbach.at\/wp-content\/uploads\/2014\/07\/20120211_ptp_078-300x200.jpg 300w, https:\/\/physiotherapie-peuerbach.at\/wp-content\/uploads\/2014\/07\/20120211_ptp_078-1500x1000.jpg 1500w, https:\/\/physiotherapie-peuerbach.at\/wp-content\/uploads\/2014\/07\/20120211_ptp_078-705x470.jpg 705w, https:\/\/physiotherapie-peuerbach.at\/wp-content\/uploads\/2014\/07\/20120211_ptp_078-450x300.jpg 450w\" sizes=\"(max-width: 1030px) 100vw, 1030px\" \/><\/div><\/div><\/div><\/div>\n<div  class='flex_column av-av_three_fifth-1c47c10d9dd6b9bc0b68f292c1cf5942 av_three_fifth  avia-builder-el-2  el_after_av_two_fifth  avia-builder-el-last  flex_column_div  '     ><section  class='av_textblock_section av-av_textblock-681fab0c2b6f1cf5a8726141282e5bbf '   itemscope=\"itemscope\" itemtype=\"https:\/\/schema.org\/CreativeWork\" ><div class='avia_textblock'  itemprop=\"text\" ><h2>Geriatrie<\/h2>\n<p>In der Geriatrie widmet sich die Physiotherapie der Behandlung von \u00e4lteren Menschen. Dabei werden verschiedene Ziele verfolgt. Neben den verschiedenartigen und allseits bekannten Leiden des \u00c4lterwerdens wie Schmerzen und zunehmende Einschr\u00e4nkung der Beweglichkeit, belasten die schwindende Selbst\u00e4ndigkeit bei der Erledigung allt\u00e4glicher Dinge und die daraus resultierende Abh\u00e4ngigkeit die Patienten. Prim\u00e4res Ziel ist der Erhalt und die Verbesserung der Lebensqualit\u00e4t.<\/p>\n<\/div><\/section><\/div>\n","protected":false},"excerpt":{"rendered":"","protected":false},"author":2,"featured_media":0,"parent":93,"menu_order":2,"comment_status":"closed","ping_status":"closed","template":"","meta":{"footnotes":""},"class_list":["post-106","page","type-page","status-publish","hentry"],"_links":{"self":[{"href":"https:\/\/physiotherapie-peuerbach.at\/index.php?rest_route=\/wp\/v2\/pages\/106","targetHints":{"allow":["GET"]}}],"collection":[{"href":"https:\/\/physiotherapie-peuerbach.at\/index.php?rest_route=\/wp\/v2\/pages"}],"about":[{"href":"https:\/\/physiotherapie-peuerbach.at\/index.php?rest_route=\/wp\/v2\/types\/page"}],"author":[{"embeddable":true,"href":"https:\/\/physiotherapie-peuerbach.at\/index.php?rest_route=\/wp\/v2\/users\/2"}],"replies":[{"embeddable":true,"href":"https:\/\/physiotherapie-peuerbach.at\/index.php?rest_route=%2Fwp%2Fv2%2Fcomments&post=106"}],"version-history":[{"count":0,"href":"https:\/\/physiotherapie-peuerbach.at\/index.php?rest_route=\/wp\/v2\/pages\/106\/revisions"}],"up":[{"embeddable":true,"href":"https:\/\/physiotherapie-peuerbach.at\/index.php?rest_route=\/wp\/v2\/pages\/93"}],"wp:attachment":[{"href":"https:\/\/physiotherapie-peuerbach.at\/index.php?rest_route=%2Fwp%2Fv2%2Fmedia&parent=106"}],"curies":[{"name":"wp","href":"https:\/\/api.w.org\/{rel}","templated":true}]}}